(base 2) to base 9.
4475
What is -496 (base 15) in base 4?
-100101
What is -7bd3 (base 16) in base 3?
-1121111001
What is -232303 (base 4) in base 12?
-1897
5d0 (base 14) to base 15
527
What is 210110 (base 3) in base 8?
1103
Convert 10431 (base 6) to base 14.
763
Convert 1035531 (base 6) to base 3.
2122002101
What is 5eb0 (base 15) in base 4?
10323132
111210211 (base 3) to base 4
2131102
714 (base 13) to base 11
9a1
What is 122042 (base 5) in base 8?
11047
What is -221300 (base 4) in base 9?
-3588
What is -5052 (base 6) in base 8?
-2130
-15180 (base 9) to base 8
-24167
231 (base 11) to base 15
136
-287 (base 16) to base 4
-22013
-101334 (base 5) to base 10
-3344
Convert -372 (base 13) to base 12.
-420
-3285 (base 9) to base 8
-4572
Convert 2141 (base 5) to base 3.
101222
What is 90a2 (base 13) in base 11?
13a56
-53310 (base 6) to base 11
-5494
138 (base 14) to base 8
366
Convert 10300 (base 5) to base 9.
857
What is 14b9 (base 12) in base 2?
100110001101
Convert -af2 (base 16) to base 14.
-1042
Convert 41 (base 5) to base 13.
18
What is -100101110010000 (base 2) in base 13?
-8a60
-4125 (base 8) to base 10
-2133
Convert 622 (base 16) to base 5.
22240
20110 (base 5) to base 3
1202102
-18 (base 15) to base 4
-113
-15884 (base 14) to base 3
-2201211100
-25861 (base 9) to base 4
-10100332
110101100 (base 2) to base 6
1552
What is -387 (base 14) in base 9?
-865
-2101011 (base 3) to base 2
-11011000100
What is -13ab (base 12) in base 13?
-1073
What is 69 (base 10) in base 9?
76
-221100112 (base 3) to base 14
-6a42
What is -246355 (base 7) in base 15?
-d70d
What is 21212 (base 3) in base 16?
d4
Convert 21443 (base 5) to base 11.
1142
Convert 542 (base 13) to base 9.
1208
-1365 (base 10) to base 16
-555
Convert -a696 (base 12) to base 4.
-10131102
What is 10101000 (base 2) in base 8?
250
What is 10ac7 (base 16) in base 3?
10110200110
Convert 1046 (base 10) to base 11.
871
Convert -9530 (base 13) to base 2.
-101000010110001
What is 6561 (base 7) in base 9?
3186
Convert 12610 (base 8) to base 7.
22033
Convert 213112 (base 4) to base 12.
155a
Convert 742 (base 9) to base 15.
2a5
56221 (base 9) to base 2
1001000111110000
-300 (base 12) to base 8
-660
-270 (base 10) to base 7
-534
-244334 (base 5) to base 2
-10010010000000
What is -736 (base 8) in base 15?
-21d
1122 (base 6) to base 15
12b
3ab (base 13) to base 10
648
744 (base 9) to base 12
427
What is -a2dd (base 15) in base 6?
-423144
What is -264 (base 15) in base 11?
-455
What is -1055 (base 7) in base 11?
-319
422 (base 16) to base 12
742
What is 63b (base 15) in base 13?
842
-252 (base 14) to base 11
-392
Convert -1071 (base 11) to base 7.
-4052
3100 (base 5) to base 14
208
-20043 (base 5) to base 10
-1273
What is 26813 (base 12) in base 15?
10a8c
Convert -1a45 (base 13) to base 12.
-2348
-9577 (base 13) to base 5
-1130331
Convert 211022 (base 3) to base 2.
1001011010
What is -1010001010110110 (base 2) in base 16?
-a2b6
-13602 (base 14) to base 16
-bad2
What is -20135 (base 8) in base 13?
-3a04
What is -20230301 (base 4) in base 12?
-18755
What is 53245 (base 6) in base 14?
28c5
What is -21012 (base 4) in base 9?
-716
Convert 10241 (base 5) to base 9.
853
-15553 (base 6) to base 3
-10112220
-17727 (base 8) to base 4
-1333113
d6 (base 14) to base 7
356
-131100 (base 4) to base 7
-5313
-41301 (base 8) to base 6
-211041
Convert 1cd2 (base 14) to base 11.
3a70
What is -6862 (base 9) in base 2?
-1001111010110
Convert -363 (base 8) to base 5.
-1433
4141 (base 8) to base 15
980
Convert -16190 (base 10) to base 15.
-4be5
84a (base 13) to base 12
99a
6a (base 14) to base 4
1132
Convert -1436 (base 10) to base 13.
-866
11210122 (base 3) to base 13
1793
18b (base 13) to base 11
239
Convert 167c (base 14) to base 8.
7676
Convert -119a4 (base 11) to base 2.
-100001100010111
What is 1214010 (base 5) in base 4?
11213131
What is 16500 (base 7) in base 13?
21ab
-22542 (base 6) to base 8
-6236
What is 4755 (base 9) in base 8?
6715
What is -25019 (base 10) in base 13?
-b507
-26881 (base 11) to base 16
-95b5
Convert 11011011 (base 2) to base 7.
432
Convert 148 (base 11) to base 13.
104
Convert -20351 (base 6) to base 16.
-aab
Convert 112201 (base 3) to base 8.
615
What is -2231132 (base 4) in base 2?
-10101101011110
22202120 (base 3) to base 10
6387
What is -cc0 (base 15) in base 16?
-b40
Convert -13623 (base 9) to base 12.
-5433
-4614 (base 13) to base 4
-2121123
5316 (base 8) to base 16
ace
-1056 (base 12) to base 9
-2413
Convert -11111012 (base 3) to base 8.
-6310
What is -1011000211 (base 3) in base 5?
-1210441
What is 320202 (base 4) in base 3?
11222000
-37c (base 14) to base 6
-3122
25030 (base 6) to base 16
e6a
-bc7 (base 13) to base 15
-8ec
-7403 (base 9) to base 15
-1920
Convert 12202022 (base 3) to base 9.
5668
What is 124401 (base 6) in base 9?
16541
What is 12033 (base 4) in base 12?
293
-20c1 (base 13) to base 11
-3468
Convert 6715 (base 8) to base 2.
110111001101
Convert 16410 (base 8) to base 4.
1310020
-100101001110101 (base 2) to base 7
-106400
Convert -110020 (base 3) to base 8.
-512
What is -265165 (base 7) in base 2?
-1100001010100111
What is 320 (base 5) in base 14?
61
1323210 (base 4) to base 10
7908
What is 363 (base 14) in base 4?
22203
-101001101001101 (base 2) to base 8
-51515
221332 (base 7) to base 10
38929
Convert -1413 (base 11) to base 12.
-1085
Convert -14132 (base 8) to base 5.
-144414
-1bcc (base 15) to base 13
-299a
Convert -3126 (base 7) to base 8.
-2112
-1ba (base 13) to base 8
-502
What is adb (base 15) in base 3?
10100222
What is 1201 (base 8) in base 16?
281
Convert 1b483 (base 12) to base 7.
225561
-1011110111 (base 2) to base 3
-1001010
What is -11044 (base 8) in base 2?
-1001000100100
Convert 21064 (base 9) to base 3.
201002011
-122303 (base 5) to base 9
-6405
111000011 (base 2) to base 7
1213
46011 (base 7) to base 5
333140
794 (base 11) to base 4
32312
2339 (base 14) to base 11
4670
What is 396 (base 14) in base 8?
1320
Convert -11482 (base 13) to base 4.
-13230310
-5e8 (base 16) to base 7
-4260
What is 1005303 (base 6) in base 11?
32a48
-1110101 (base 3) to base 4
-100213
What is 202333 (base 4) in base 16?
8bf
What is -23401 (base 5) in base 11?
-132a
-131 (base 7) to base 10
-71
Convert 4252 (base 7) to base 12.
a57
Convert a733 (base 13) to base 16.
5a9b
What is -186b (base 12) in base 6?
-21415
Convert 10022210021 (base 3) to base 7.
361555
-1015 (base 8) to base 4
-20031
-1102300 (base 6) to base 12
-27990
405200 (base 6) to base 2
111111000000000
3550 (base 9) to base 3
10121200
What is -93 (base 15) in base 2?
-10001010
Convert 180a2 (base 14) to base 16.
ec5e
-530 (base 16) to base 13
-7b2
What is 1abe (base 16) in base 3?
100101120
What is 3b (base 13) in base 4?
302
What is 320 (base 4) in base 2?
111000
What is 346 (base 10) in base 13?
208
Convert -1aa (base 15) to base 7.
-1060
2587 (base 13) to base 15
18ba
1401 (base 6) to base 14
1bb
Convert 297 (base 15) to base 9.
727
406 (base 9) to base 10
330
-cc6c (base 13) to base 4
-12331002
What is -dc (base 15) in base 10?
-207
6c (base 13) to base 5
330
Convert -27495 (base 10) to base 6.
-331143
-547 (base 12) to base 10
-775
Convert -312402 (base 6) to base 7.
-133322
137753 (base 8) to base 2
1011111111101011
Convert -95bc (base 15) to base 16.
-7bbd
4141232 (base 5) to base 8
205335
12ce (base 15) to base 6
30335
Convert 2200312 (base 4) to base 15.
30b4
5087 (base 9) to base 8
7214
What is 313 (base 7) in base 9?
184
22112 (base 3) to base 14
126
845 (base 14) to base 10
1629
1a90 (base 12) to base 15
e86
-31327 (base 8) to base 9
-18761
-19ad8 (base 14) to base 7
-361161
Convert 1112102 (base 3) to base 4.
101132
-1cd6 (base 16) to base 2
-1110011010110
What is -504 (base 8) in base 15?
-169
What is 33765 (base 8) in base 10?
14325
What is 2100111 (base 3) in base 8?
3262
-1022 (base 7) to base 12
-25b
Convert 8129 (base 10) to base 11.
6120
Convert 6323 (base 10) to base 16.
18b3
What is 713 (base 13) in base 8?
2257
Convert 212 (base 10) to base 16.
d4
-49b (base 12) to base 15
-315
Convert -10110011011101 (base 2) to base 7.
-45325
ad9a (base 15) to base 10
36820
What is -20303313 (base 4) in base 12?
-18a73
734 (base 9) to base 2
1001010110
Convert 14a76 (base 15) to base 2.
10000001110110110
10607 